s the units digit of a?
5
Let u be ((-124)/3)/((-2)/3). Suppose 0 = -7*q + 3*q + 16, -5*k + 2*q + u = 0. What is the units digit of k?
4
Let a = 8 - 8. Suppose a = v + v - 38. What is the units digit of v?
9
Suppose 0 = 2*d - s - 101, 2*d - 2*s - 92 = 2*s. What is the units digit of d?
2
Let j = -17 + 8. What is the tens digit of j/(-2)*(-42)/(-9)?
2
Let p = 1 + -1. Suppose a = 3*b - 31, -b + p*b + 7 = 3*a. What is the tens digit of b?
1
Suppose -3*l + h + 0*h = 2, 2*l - 4*h - 12 = 0. What is the units digit of 1/(l/(-6)) + 6?
9
What is the tens digit of (31/3)/(8/24)?
3
Suppose y + 0 = 21. Let d = -15 + y. What is the units digit of d?
6
What is the tens digit of 1/(-2) + 1638/12?
3
Let g(n) = -13*n + 15*n**2 + 15 - n**3 + 1 + 0*n**3 + 3. What is the units digit of g(14)?
3
Let i(l) be the first derivative of l**2/2 + 4*l - 5. Suppose -o - 12 = 3*o. What is the units digit of i(o)?
1
Let v(n) = n**2 - 6*n + 5. Suppose d = 5*d + y - 39, -3*d + 26 = 4*y. Suppose -5*m - 9 = -24, 0 = w + m - d. What is the units digit of v(w)?
2
Suppose k = 2*a + 29, 58 = 2*k + 2*a + a. What is the tens digit of k?
2
Suppose 0 = 4*u + 4*o - 396, -u + 124 = -3*o + 13. Suppose -4*s = 2*s - u. What is the tens digit of s?
1
Let o be 0/(-1)*(8 - 7). Suppose -4*f + p + 21 = o, -f - 4*p - 6 = -4*f. What is the units digit of f?
6
Suppose 15 = 3*f - 3. Let g be 2/8 - 18/8. Let l = f - g. What is the units digit of l?
8
Let d(z) = -z + z - 2 + z. Suppose 2*y = 3*o + 9, -4*y + 5*o + 23 - 4 = 0. What is the units digit of d(y)?
4
What is the units digit of (-237)/(-3) - 36/9?
5
What is the units digit of 5/((-20)/16) - -115?
1
Let f = -5 - -7. What is the units digit of 57/3 - f/2?
8
Let b be -3 + (-3 + 7 - -3). What is the units digit of 4/2 + 72/b?
0
Let p(n) = -76*n - 16. What is the hundreds digit of p(-2)?
1
Let z be (2/(-1))/((-3)/6). Suppose -38 = 4*v + z*b - 194, 0 = -5*v - 3*b + 201. What is the units digit of v?
2
Suppose -75 = 6*q - q. Let v = -5 - q. What is the units digit of v?
0
Let n be 7*(2 + -3 - 0). Suppose 2*b + 0 = -2. What is the units digit of 1 - 3 - (n + b)?
6
Suppose -2*s + 18 = -2*i - 52, 0 = 3*s + 3*i - 135. What is the units digit of s?
0
Let z(x) = -x**3 - 8*x**2 - 7*x + 2. Let v be z(-7). Let s(j) = -4 + 2 - v*j - 2. What is the units digit of s(-4)?
4
Let i be (-34)/(-10) - 3/(-5). Suppose -2*o - i*l - 2 = -0, -4*l = -5*o - 5. What is the units digit of 6/(2/(-8) - o)?
8
Let b(w) = 12*w**2 - w. Let s be b(-1). Suppose 0 = 2*c - s - 11. Suppose -h = -x - 2*x + 18, 0 = -2*x + 5*h + c. What is the units digit of x?
6
What is the hundreds digit of 7*(6 + 1)*90/35?
1
Let o(b) = -b**3 + 20*b**2 - 9*b - 23. What is the tens digit of o(19)?
6
Let v = 34 + -7. What is the units digit of v?
7
Suppose -t + 2*y - 1 = -10, 3*t - y - 2 = 0. Let x(n) = 33*n**2 + n + 1. What is the units digit of x(t)?
3
Let m = 24 - -6. What is the units digit of m?
0
Suppose 0 = s + 4*h + h - 5, -5*h - 85 = -5*s. What is the tens digit of s?
1
Let o = 4 + 1. Let k(w) = -3*w**2 + 2*w**2 - o + 6 + 3 + 8*w. What is the units digit of k(8)?
4
Let o(x) = -x + 12. Let d be o(9). Suppose -19 = -5*c + 2*v, -d*c + 1 = -2*c + v. What is the units digit of c?
3
Let l(s) = s**3 + 7*s**2 + 8*s + 9. Let a be l(-6). Let b = a - -7. What is the units digit of b?
4
Let n(h) = 22*h**2 + 21*h + 4. What is the units digit of n(-4)?
2
Suppose -10 - 32 = 2*h. Let a = h + 24. What is the units digit of a?
3
Let t = -27 + 45. Suppose t + 16 = c. Suppose 2*m = -6 + c. What is the units digit of m?
4
Let t be (-15 + -1 - -3)/(-1). Suppose 0 = -3*h - t + 40. What is the units digit of h?
9
Let a = 1 - 20. Let l = a - -27. Let o(p) = p**3 - 8*p**2 + 3*p - 9. What is the tens digit of o(l)?
1
Let h(q) = -q + 14. Suppose 0*z + 2*z - 12 = 0. What is the units digit of h(z)?
8
Suppose -29 + 1 = -4*f. Suppose -2*j - 2*n + 3*n = -f, 15 = -5*n. Suppose -7 = -j*c - 5*g, 3*g + 10 + 17 = 4*c. What is the units digit of c?
6
Let w be 4/26 + 636/(-78). Suppose -q + 3 = -2*q. What is the units digit of 9/q - w/2?
1
Let g(v) be the second derivative of -v**3/6 + v**2/2 - 3*v. What is the units digit of g(-2)?
3
Suppose 0*p - 3*p + 233 = t, 3*p - 4*t - 208 = 0. What is the units digit of p?
6
Let p(b) = 9*b - 1. Let h be p(1). Let s = h - -4. What is the units digit of s?
2
Suppose 4*g + 12*b - 9*b = 611, 0 = -4*g + 5*b + 571. What is the hundreds digit of g?
1
Let u = 8 - -68. What is the units digit of u?
6
Let u = -5 - -7. Suppose u - 40 = -j. Suppose 0 = p + 4*g, -p = -5*g + 11 - j. What is the tens digit of p?
1
Suppose 3*v = -0*v + 243. What is the units digit of v?
1
Let w = -259 - -384. Suppose 0 = 4*o + o - w. Let t = 35 - o. What is the tens digit of t?
1
Suppose 0*r = -r + 72. What is the units digit of r?
2
Suppose c = 6*c - b + 221, -5*c - 4*b - 241 = 0. Let k = -26 - c. What is the tens digit of k?
1
Let o(i) = i + 9. Let n(a) = -a**3 - a**2 + 4*a - 3. Let y be n(2). Let b be o(y). What is the units digit of b/7 - 94/(-14)?
7
Suppose 3*k - 5*u + 1 = -5, -2*u = -4*k + 6. Suppose k*z - o - 109 = 0, o + o = 10. What is the tens digit of z?
3
Suppose -14 = 12*i - 158. What is the units digit of i?
2
Let b(s) = -s**3 + 10 + 0*s + 2*s**2 - s + 0*s**3 - 3*s**2. What is the tens digit of b(0)?
1
Let z(w) = w**2 + 8*w + 2. Let j be z(-8). Let r = 2 + j. Suppose r*y = -2*k + 20 + 2, 0 = 2*y - k - 1. What is the units digit of y?
3
What is the units digit of 1 + (15*2 - -3)?
4
Let t = 6 - 4. Suppose -f + 8 = -5. Suppose -3*h + f = -t. What is the units digit of h?
5
Let c(d) be the third derivative of d**4/4 - d**3/2 - 2*d**2. Let h be c(-7). Let z = h + 66. What is the tens digit of z?
2
Let n(v) = -v + 2*v + v + 2*v - v**2. What is the units digit of n(3)?
3
Suppose 5*v + 3 + 0 = -2*n, -5*v + 2*n = -13. What is the units digit of (-4 - -9)*(v - 0)?
5
Let i be 3/(-2)*(-16)/12. Let c be i/(-7) + 32/14. Suppose 2*p = 4*p - c. What is the units digit of p?
1
Let r(m) = -m**2 - m + 17. Let g be r(0). Let t = g - 6. What is the tens digit of t?
1
Let s(n) = -n**2 + 7*n - 6. Let m be s(5). Suppose -5*p - 19 = -5*f - m, 2*f = -2. What is the units digit of 30/p*(-8)/6?
0
Let u(c) = 70*c + 2. What is the units digit of u(1)?
2
Suppose -5*i = -48 - 157. Suppose 0 = -4*k + y + 51, i = 5*k + 5*y - 4. What is the units digit of k?
2
Let f = 130 + -81. What is the tens digit of f?
4
Let g(b) = b**3 + 5*b**2 + b + 5. Let a be g(-5). Suppose a = -n - 0*n - 4*o - 1, 5*n + 4*o - 27 = 0. Suppose 0 = s - n. What is the units digit of s?
7
Let y(w) = 6*w**3 - 2*w**2 + 4*w + 7. Let o(a) = -a**2 + 1. Let t(z) = 5*o(z) - y(z). What is the tens digit of t(-2)?
4
Suppose -5*o = -0*h - 5*h + 625, 0 = 4*h + 4*o - 532. What is the tens digit of h?
2
Let k(h) = h**3 - h**2 - h + 3. Let y be k(0). Let a = -2 + y. What is the units digit of a?
1
Let k = 109 + -64. What is the units digit of k?
5
Let f(j) = 32*j. Let d be f(4). Let q be 2/6 + d/(-6). Let h = -12 - q. What is the units digit of h?
9
Suppose 185 - 48 = 2*y + 5*k, -k - 248 = -3*y. Suppose y - 1 = 5*v. What is the units digit of v?
6
Let m(x) = -x**3 - 29*x**2 - 6*x - 65. What is the tens digit of m(-29)?
0
Suppose -26 = -5*u + c, 0 = 2*u + 2*c - 3 - 5. Let r = 12 - u. What is the units digit of r?
7
Suppose 3*c = 3*g - 28 - 41, -4*c - 101 = 5*g. Let f = 53 + c. What is the units digit of f?
9
Let c = 7 + -8. Let a be ((0/c)/(-2))/(-3). Let w = 15 + a. What is the units digit of w?
5
Suppose -13*s - 163 = -1190. What is the units digit of s?
9
Suppose z - 5 = -0*z + k, -2*z - 3*k = -20. What is the units digit of z?
7
Suppose l + 2*z + 0*z - 108 = 0, 3*l + 2*z = 332. What is the hundreds digit of l?
1
What is the units digit of (-2112)/(-56) + 2/7?
8
Let h = -18 - -56. What is the units digit of h?
8
Let m = 53 + -22. What is the tens digit of m?
3
Let j = -71 + 198. What is the units digit of j?
7
Let r = -29 - -57. Let y = r - 18. What is the units digit of y?
0
Let p(k) = -k**2 + 5*k. Let i be p(5). Let y = i + 2. Suppose -8 = y*u - 4*u. What is the units digit of u?
4
Let l(q) = -2*q - 7. Let b be l(-5). Suppose -5*g = -x - 14, b*x - 6 = 5*g + 7*x. What is the units digit of g?
2
Suppose 2*s + 3*j = -8, 0*s + 2*j + 10 = s. Suppose s*y - 67 = -3. What is the tens digit o